24187931 a composite number?
False
Is 8048555607 composite?
True
Is 34858163 composite?
True
Is 354104651 a prime number?
True
Is 314011181 composite?
True
Is 4606252993 a prime number?
True
Is 2683290367 composite?
False
Is 1007199911 a prime number?
False
Is 12444732977 a composite number?
False
Is 2746755811 a prime number?
False
Is 7726216213 a composite number?
True
Is 1303652767 a composite number?
False
Is 420486061 a prime number?
True
Is 244202327 a prime number?
False
Is 873353527 a composite number?
True
Is 843845455 a prime number?
False
Is 50373113 composite?
True
Is 38191617757 a prime number?
True
Is 320565953 composite?
True
Is 75427412399 composite?
True
Is 4475847419 a composite number?
False
Is 108844123 a prime number?
True
Is 3860285743 a prime number?
False
Is 14796989069 composite?
True
Is 125382162733 a composite number?
False
Is 422908493129 prime?
True
Is 600768209 a composite number?
False
Is 69593287 composite?
True
Is 1241181313 prime?
True
Is 263702633 a prime number?
True
Is 19707931889 composite?
True
Is 12895608794 prime?
False
Is 26615685757 prime?
True
Is 4676876441 a composite number?
False
Is 321238059 composite?
True
Is 2548059889 a prime number?
True
Is 1718300117 composite?
False
Is 1129870627 composite?
False
Is 43317999911 a prime number?
True
Is 9866156939 a composite number?
False
Is 3776000027 a composite number?
True
Is 772561807 composite?
True
Is 906528037 a prime number?
False
Is 23662004579 prime?
True
Is 17566301463 a composite number?
True
Is 12023133869 prime?
False
Is 7591795751 composite?
True
Is 47983172063 composite?
True
Is 2894584283 composite?
False
Is 3270081751 prime?
False
Is 511672039 composite?
False
Is 609428242 a prime number?
False
Is 5125632761 composite?
False
Is 1239573469 a prime number?
False
Is 77922628591 a composite number?
True
Is 290653519 prime?
False
Is 7917778093 a prime number?
False
Is 1146006859 composite?
True
Is 2107234067 a composite number?
False
Is 19177820281 a composite number?
True
Is 144540997 composite?
False
Is 922766287 a composite number?
False
Is 684297197 composite?
True
Is 6618475847 prime?
True
Is 2678904067 a prime number?
False
Is 577006403 a composite number?
False
Is 2186813359 prime?
False
Is 1195612021 composite?
False
Is 23099052562 a composite number?
True
Is 3694012457 a prime number?
True
Is 154251127193 composite?
False
Is 1128857081 a composite number?
True
Is 439673803 a prime number?
False
Is 7513867918 a prime number?
False
Is 392454847 composite?
False
Is 4031886931 prime?
True
Is 16099602713 a composite number?
True
Is 3500563189 prime?
True
Is 997165783 a prime number?
False
Is 1228003529 a prime number?
False
Is 350380403 composite?
True
Is 597964327 composite?
True
Is 17556904271 a composite number?
False
Is 1149465617 a composite number?
True
Is 43620006469 prime?
False
Is 36437683459 a prime number?
False
Is 11573801657 a composite number?
True
Is 6888659537 prime?
True
Is 153730080961 prime?
False
Is 1781012461 prime?
True
Is 720499753 composite?
True
Is 338878933 a prime number?
True
Is 2652176357 composite?
True
Is 130970999 a composite number?
True
Is 23158898417 prime?
True
Is 185112666923 composite?
False
Is 16543210427 a composite number?
False
Is 38415684497 a prime number?
False
Is 505558129 prime?
True
Is 706656889 prime?
True
Is 8748650581 a composite number?
True
Is 7016590069 a prime number?
True
Is 151812906071 prime?
True
Is 52083294031 a prime number?
True
Is 13687238167 a prime number?
False
Is 739799737 a prime number?
True
Is 107297258359 a composite number?
False
Is 128373599357 composite?
True
Is 854172881 a prime number?
True
Is 12648308245 a composite number?
True
Is 11701751 prime?
False
Is 4221777577 a prime number?
True
Is 3565755589 a composite number?
True
Is 869226499 composite?
True
Is 4013853661 a prime number?
True
Is 12329604283 composite?
False
Is 16964629 a prime number?
False
Is 100654899005 prime?
False
Is 585755707 composite?
False
Is 40728885083 a prime number?
True
Is 2191870129 prime?
False
Is 874164073 a composite number?
True
Is 186492527 composite?
True
Is 13493867833 a composite number?
True
Is 9161518517 prime?
True
Is 741500699 prime?
True
Is 8540147221 prime?
True
Is 23919613 prime?
False
Is 2489283977 composite?
False
Is 1407832939 a prime number?
False
Is 20994896303 a composite number?
False
Is 2433477911 a composite number?
True
Is 820853221 a prime number?
False
Is 15250114729 composite?
True
Is 1286068939 prime?
True
Is 41759783357 a prime number?
True
Is 16816717297 a prime number?
True
Is 10209498137 prime?
True
Is 15193050839 prime?
True
Is 1127357219 composite?
True
Is 4663093949 a composite number?
False
Is 357223117 prime?
False
Is 346320131 a composite number?
True
Is 65475647137 a prime number?
False
Is 6457822061 prime?
True
Is 30388058759 prime?
False
Is 17525516179 a composite number?
False
Is 397145654935 a composite number?
True
Is 14803748069 a prime number?
False
Is 251768903 prime?
True
Is 805813939 a composite number?
True
Is 132707779 a composite number?
True
Is 21613039841 prime?
True
Is 479609508115 composite?
True
Is 182996213 prime?
True
Is 1632530351 composite?
True
Is 59394329303 a prime number?
True
Is 238288777 prime?
True
Is 737153905 prime?
False
Is 11353062961 a composite number?
True
Is 132839517983 composite?
False
Is 4373507539 composite?
False
Is 1116389221 a prime number?
False
Is 880066786 prime?
False
Is 1739740427 prime?
False
Is 395124988747 a prime number?
True
Is 973087585 a prime number?
False
Is 18274577674 a prime number?
False
Is 25064475481 a composite number?
False
Is 31252629 a composite number?
True
Is 2839661269 composite?
True
Is 680141431 prime?
False
Is 395425741 composite?
False
Is 1151133701 a prime number?
False
Is 11626000807 a composite number?
False
Is 452396071 a prime number?
True
Is 28772486489 composite?
False
Is 723023681 composite?
False
Is 1659443171 a prime number?
True
Is 47154300469 composite?
True
Is 165449969359 a composite number?
False
Is 5405441603 a composite number?
True
Is 3041559679 a composite number?
False
Is 832500197 a composite number?
True
Is 4613367671 a composite number?
True
Is 15947143117 prime?
True
Is 15751591067 composite?
False
Is 1327957273 a prime number?
False
Is 401352917 prime?
False
Is 10546983013 a prime number?
False
Is 202494827 a prime number?
False
Is 274554479 prime?
True
Is 20909807701 a prime number?
True
Is 2227594199 a composite number?
True
Is 1892753789 a prime number?
False
Is 41355190243 composite?
False
Is 974697205 composite?
True
Is 4593310913 a composite number?
True
Is 731774587 prime?
False
Is 15255313631 composite?
False
Is 65452781 a prime number?
True
Is 669631771 a prime number?
True
Is 342442333 a prime number?
True
Is 3419827091 a prime number?
True
Is 5894956163 a composite number?
True
Is 1173451931 prime?
True
Is 114044341327 composite?
True
Is 1303212199 composite?
False
Is 284547697867 a composite number?
False
Is 46608489763 a composite number?
True
Is 4786393453 a composite number?
True
Is 6594175799 prime?
False
Is 208674458 a composite number?
True
Is 10871430971 a composite number?
True
Is 569672669 composite?
True
Is 985084673 prime?
False
Is 364626827 composite?
False
Is 10857433 prime?
True
Is 196313262239 a composite number?
True
Is 4924406789 composite?
True
Is 618509501 a composite number?
True
Is 17241311299 composite?
False
Is 2652748717 composite?
False
Is 163007658743 prime?
False
Is 160427189491 composite?
True
Is 1290695731 prime?
False
Is 2710894301 a composite number?
True
Is 34650330587 a prime number?
True
Is 4748228374 prime?
False
Is 485246129 composite?
False
Is 1473790363 prime?
True
Is 109836593 a prime number?
True
Is 9704376133 prime?
False
Is 2857152451 a prime number?
False
Is 58396745261 composite?
False
Is 1127451683 composite?
True
Is 197685569 prime?
True
Is 1341072841 composite?
True
Is 199957458781 composite?
True
Is 24841369679 a prime number?
False
Is 900478169 a prime number?
True
Is 13227951493 a composite number?
False
Is 26836180547 prime?
False
Is 642162727 a prime number?
True
Is 865541959 a composite number?
False
Is 747591907 composite?
False
Is 9608066939 prime?
False
Is 1462059397 a prime num